{"id":13857,"date":"2022-12-12T16:04:23","date_gmt":"2022-12-12T14:04:24","guid":{"rendered":"https:\/\/trapp.be\/?post_type=product&#038;p=13857"},"modified":"2024-01-28T15:29:24","modified_gmt":"2024-01-28T14:29:24","slug":"coffret-cadeau-aloe-vera-4","status":"publish","type":"product","link":"https:\/\/trapp.be\/fr\/produit\/coffret-cadeau-aloe-vera-4\/","title":{"rendered":"Coffret cadeau Aloe Vera"},"content":{"rendered":"<p>gel douche \u00e0 l&rsquo;aloe vera, 250 ml<br \/>\nshampooing \u00e0 l&rsquo;aloe vera 250 ml,<br \/>\nlait pour le corps aloe-vera 250 ml,<br \/>\nsavon liquide aloe-vera 300 ml,<br \/>\nsavon naturel aloe-vera 90 gr,<br \/>\nsavon naturel \u00e0 l&rsquo;olive 90 gr,<br \/>\ncoffret d\u00e9coratif<\/p>\n","protected":false},"excerpt":{"rendered":"<p>\u00cates-vous curieux de conna\u00eetre notre gamme d&rsquo;aloe-vera, comment elle se sent ?<br \/>\nCeci est peut-\u00eatre quelque chose pour vous !<\/p>\n<p>Si vous \u00eates \u00e0 la recherche d&rsquo;un cadeau original, ce coffret est un must.<br \/>\nAvec ce coffret cadeau aloe-vera, nous vous pr\u00e9sentons notre gamme d&rsquo;aloe-vera.<br \/>\nCe coffret contient un gel douche \u00e0 l&rsquo;aloe vera, un shampooing \u00e0 l&rsquo;aloe vera, une lotion pour le corps \u00e0 l&rsquo;aloe vera, un savon pour les mains \u00e0 l&rsquo;aloe vera et deux savons naturels, l\u2019un \u00e0 l&rsquo;aloe vera et l\u2019autre \u00e0 l&rsquo;huile d\u2019olive.<\/p>\n<p>Le tout est rassembl\u00e9 dans un coffret en\u00a0 simple et \u00e9l\u00e9gante.<br \/>\nLe parfum du printemps va entrer dans votre vie !<\/p>\n","protected":false},"featured_media":13860,"comment_status":"open","ping_status":"closed","template":"","meta":[],"product_brand":[],"product_cat":[100,143],"product_tag":[],"class_list":{"0":"post-13857","1":"product","2":"type-product","3":"status-publish","4":"has-post-thumbnail","6":"product_cat-aloe-vera-fr","7":"product_cat-cadeaux","9":"first","10":"instock","11":"taxable","12":"shipping-taxable","13":"purchasable","14":"product-type-simple"},"_links":{"self":[{"href":"https:\/\/trapp.be\/fr\/wp-json\/wp\/v2\/product\/13857","targetHints":{"allow":["GET"]}}],"collection":[{"href":"https:\/\/trapp.be\/fr\/wp-json\/wp\/v2\/product"}],"about":[{"href":"https:\/\/trapp.be\/fr\/wp-json\/wp\/v2\/types\/product"}],"replies":[{"embeddable":true,"href":"https:\/\/trapp.be\/fr\/wp-json\/wp\/v2\/comments?post=13857"}],"wp:featuredmedia":[{"embeddable":true,"href":"https:\/\/trapp.be\/fr\/wp-json\/wp\/v2\/media\/13860"}],"wp:attachment":[{"href":"https:\/\/trapp.be\/fr\/wp-json\/wp\/v2\/media?parent=13857"}],"wp:term":[{"taxonomy":"product_brand","embeddable":true,"href":"https:\/\/trapp.be\/fr\/wp-json\/wp\/v2\/product_brand?post=13857"},{"taxonomy":"product_cat","embeddable":true,"href":"https:\/\/trapp.be\/fr\/wp-json\/wp\/v2\/product_cat?post=13857"},{"taxonomy":"product_tag","embeddable":true,"href":"https:\/\/trapp.be\/fr\/wp-json\/wp\/v2\/product_tag?post=13857"}],"curies":[{"name":"wp","href":"https:\/\/api.w.org\/{rel}","templated":true}]}}

<p>gel douche à l&rsquo;aloe vera, 250 ml<br />
shampooing à l&rsquo;aloe vera 250 ml,<br />
lait pour le corps aloe-vera 250 ml,<br />
savon liquide aloe-vera 300 ml,<br />
savon naturel aloe-vera 90 gr,<br />
savon naturel à l&rsquo;olive 90 gr,<br />
coffret décoratif</p>

<p>Êtes-vous curieux de connaître notre gamme d&rsquo;aloe-vera, comment elle se sent ?<br />
Ceci est peut-être quelque chose pour vous !</p>
<p>Si vous êtes à la recherche d&rsquo;un cadeau original, ce coffret est un must.<br />
Avec ce coffret cadeau aloe-vera, nous vous présentons notre gamme d&rsquo;aloe-vera.<br />
Ce coffret contient un gel douche à l&rsquo;aloe vera, un shampooing à l&rsquo;aloe vera, une lotion pour le corps à l&rsquo;aloe vera, un savon pour les mains à l&rsquo;aloe vera et deux savons naturels, l’un à l&rsquo;aloe vera et l’autre à l&rsquo;huile d’olive.</p>
<p>Le tout est rassemblé dans un coffret en  simple et élégante.<br />
Le parfum du printemps va entrer dans votre vie !</p>
