{"id":14602,"date":"2023-03-31T13:46:30","date_gmt":"2023-03-31T12:46:30","guid":{"rendered":"https:\/\/trapp.be\/product\/korb-aus-seegras\/"},"modified":"2024-12-11T09:55:36","modified_gmt":"2024-12-11T08:55:36","slug":"korb-aus-seegras","status":"publish","type":"product","link":"https:\/\/trapp.be\/de\/produkt\/korb-aus-seegras\/","title":{"rendered":"Korb aus Seegras"},"content":{"rendered":"","protected":false},"excerpt":{"rendered":"<p>Dieses K\u00f6rbchen aus nat\u00fcrlichem Seegras haben wir f\u00fcr Sie mit Lavendel-Duschgel und Handseife gef\u00fcllt und mit einem Beigefarbenen Trapp.flanell ohne Drehung verziert. Die handwerklich hergestellte Glycerin-Rosenherzseife mit Aloe-Vera versch\u00f6nert das kleine Paket.<\/p>\n","protected":false},"featured_media":14594,"comment_status":"open","ping_status":"closed","template":"","meta":[],"product_brand":[],"product_cat":[144,120],"product_tag":[],"class_list":{"0":"post-14602","1":"product","2":"type-product","3":"status-publish","4":"has-post-thumbnail","6":"product_cat-geschenke","7":"product_cat-lavendel-de","9":"first","10":"instock","11":"taxable","12":"shipping-taxable","13":"purchasable","14":"product-type-simple"},"_links":{"self":[{"href":"https:\/\/trapp.be\/de\/wp-json\/wp\/v2\/product\/14602","targetHints":{"allow":["GET"]}}],"collection":[{"href":"https:\/\/trapp.be\/de\/wp-json\/wp\/v2\/product"}],"about":[{"href":"https:\/\/trapp.be\/de\/wp-json\/wp\/v2\/types\/product"}],"replies":[{"embeddable":true,"href":"https:\/\/trapp.be\/de\/wp-json\/wp\/v2\/comments?post=14602"}],"wp:featuredmedia":[{"embeddable":true,"href":"https:\/\/trapp.be\/de\/wp-json\/wp\/v2\/media\/14594"}],"wp:attachment":[{"href":"https:\/\/trapp.be\/de\/wp-json\/wp\/v2\/media?parent=14602"}],"wp:term":[{"taxonomy":"product_brand","embeddable":true,"href":"https:\/\/trapp.be\/de\/wp-json\/wp\/v2\/product_brand?post=14602"},{"taxonomy":"product_cat","embeddable":true,"href":"https:\/\/trapp.be\/de\/wp-json\/wp\/v2\/product_cat?post=14602"},{"taxonomy":"product_tag","embeddable":true,"href":"https:\/\/trapp.be\/de\/wp-json\/wp\/v2\/product_tag?post=14602"}],"curies":[{"name":"wp","href":"https:\/\/api.w.org\/{rel}","templated":true}]}}

<p>Dieses Körbchen aus natürlichem Seegras haben wir für Sie mit Lavendel-Duschgel und Handseife gefüllt und mit einem Beigefarbenen Trapp.flanell ohne Drehung verziert. Die handwerklich hergestellte Glycerin-Rosenherzseife mit Aloe-Vera verschönert das kleine Paket.</p>
